{"id":15,"date":"2013-04-29T22:04:41","date_gmt":"2013-04-29T19:04:41","guid":{"rendered":"http:\/\/www.zlatnainfo.ro\/evaluator-alba.ro\/?page_id=15"},"modified":"2025-12-30T18:10:24","modified_gmt":"2025-12-30T16:10:24","slug":"persoane-juridice","status":"publish","type":"page","link":"https:\/\/www.evaluator-alba.ro\/?page_id=15","title":{"rendered":"Impozitare cladiri"},"content":{"rendered":"<p style=\"text-align: justify;\">Potrivit prevederilor noului <a target=\"_blank\" href=\"https:\/\/static.anaf.ro\/static\/10\/Anaf\/legislatie\/Cod_fiscal_norme_2023.htm#A460\" rel=\"noopener noreferrer\">Cod Fiscal<\/a>, art. 453 &#8211; 462, incepand cu anul 2016 cladirile nu se vor mai impozita in functie de forma de proprietate, respectiv persoana <span style=\"color: #ff9900;\">fizica<\/span> sau <span style=\"color: #cc3300;\">juridica<\/span>, ci in functie de destinatia acestora, respectiv\u00a0<span style=\"color: #cc3300;\">rezidentiala sau nerezidentiala<\/span>. Pentru clarificarea termenilor sunt prezentate definitii in art. 453.<\/p>\n<p style=\"text-align: justify;\"><span style=\"color: #cc3300;\"><strong>PERSOANE JURIDICE<\/strong><\/span> \u2013 art. 460<\/p>\n<p class=\"stilParagraf\">(1) Pentru cl\u0103dirile reziden\u021biale aflate \u00een proprietatea sau de\u021binute de persoanele juridice, impozitul\/taxa pe cl\u0103diri se calculeaz\u0103 prin aplicarea unei cote cuprinse \u00eentre 0,08% &#8211; 0,2% asupra valorii impozabile a cl\u0103dirii.<\/p>\n<p class=\"stilParagraf\">(2) Pentru cl\u0103dirile nereziden\u021biale aflate \u00een proprietatea sau de\u021binute de persoanele juridice, impozitul\/taxa pe cl\u0103diri se calculeaz\u0103 prin aplicarea unei cote cuprinse \u00eentre 0,2% &#8211; 1,3%, inclusiv, asupra valorii impozabile a cl\u0103dirii.<\/p>\n<p class=\"stilParagraf\">(3) Pentru cl\u0103dirile nereziden\u021biale aflate \u00een proprietatea sau de\u021binute de persoanele juridice, utilizate pentru activit\u0103\u021bi din domeniul agricol, impozitul\/taxa pe cl\u0103diri se calculeaz\u0103 prin aplicarea unei cote de 0,4% asupra valorii impozabile a cl\u0103dirii.<\/p>\n<p class=\"stilParagraf\">(4) \u00cen cazul cl\u0103dirilor cu destina\u021bie mixt\u0103 aflate \u00een proprietatea persoanelor juridice, impozitul se determin\u0103 prin \u00eensumarea impozitului calculat pentru suprafa\u021ba folosit\u0103 \u00een scop reziden\u021bial conform alin. (1), cu impozitul calculat pentru suprafa\u021ba folosit\u0103 \u00een scop nereziden\u021bial, conform alin. (2) sau (3).<\/p>\n<p class=\"stilParagraf\">(5) Pentru stabilirea impozitului\/taxei pe cl\u0103diri, valoarea impozabil\u0103 a cl\u0103dirilor aflate \u00een proprietatea persoanelor juridice este valoarea de la 31 decembrie a anului anterior celui pentru care se datoreaz\u0103 impozitul\/taxa \u0219i poate fi:<\/p>\n<p class=\"stilParagraf\">a) ultima valoare impozabil\u0103 \u00eenregistrat\u0103 \u00een eviden\u021bele organului fiscal;<\/p>\n<p class=\"stilParagraf\"><span style=\"color: #cc3300;\">b) valoarea rezultat\u0103 dintr-un raport de evaluare \u00eentocmit de un evaluator autorizat \u00een conformitate cu standardele de evaluare a bunurilor aflate \u00een vigoare la data evalu\u0103rii;<\/span><\/p>\n<p class=\"stilParagraf\">c) valoarea final\u0103 a lucr\u0103rilor de construc\u021bii, \u00een cazul cl\u0103dirilor noi, construite \u00een cursul anului fiscal anterior;<\/p>\n<p class=\"stilParagraf\">d) valoarea cl\u0103dirilor care rezult\u0103 din actul prin care se transfer\u0103 dreptul de proprietate. \u00cen situa\u021bia \u00een care nu este precizat\u0103 valoarea \u00een documentele care atest\u0103 proprietatea, se utilizeaz\u0103 ultima valoare \u00eenregistrat\u0103 \u00een baza de date a organului fiscal;<\/p>\n<p class=\"stilParagraf\">e) \u00cen cazul cl\u0103dirilor care sunt finan\u021bate \u00een baza unui contract de leasing financiar, valoarea rezultat\u0103 dintr-un raport de evaluare \u00eentocmit de un evaluator autorizat \u00een conformitate cu standardele de evaluare a bunurilor aflate \u00een vigoare la data evalu\u0103rii;<\/p>\n<p class=\"stilParagraf\">f) \u00cen cazul cl\u0103dirilor pentru care se datoreaz\u0103 taxa pe cl\u0103diri, valoarea \u00eenscris\u0103 \u00een contabilitatea proprietarului cl\u0103dirii \u0219i comunicat\u0103 concesionarului, locatarului, titularului dreptului de administrare sau de folosin\u021b\u0103, dup\u0103 caz.<\/p>\n<p class=\"stilParagraf\"><span style=\"color: #cc3300;\">(6) Valoarea impozabil\u0103 a cl\u0103dirii se actualizeaz\u0103 o dat\u0103 la 5 ani pe baza unui raport de evaluare a cl\u0103dirii \u00eentocmit de un evaluator autorizat \u00een conformitate cu standardele de evaluare a bunurilor aflate \u00een vigoare la data evalu\u0103rii, depus la organul fiscal local p\u00e2n\u0103 la primul termen de plat\u0103 din anul de referin\u021b\u0103. \u00cen situa\u021bia depunerii raportului de evaluare dup\u0103 primul termen de plat\u0103 din anul de referin\u021b\u0103 acesta produce efecte \u00eencep\u00e2nd cu data de 1 ianuarie a anului fiscal urm\u0103tor.<\/span><\/p>\n<p class=\"stilParagraf\"><span style=\"color: #cc3300;\">(8) \u00cen cazul \u00een care proprietarul cl\u0103dirii nu a actualizat valoarea impozabil\u0103 \u00een ultimii 5 ani anteriori anului de referin\u021b\u0103, cota impozitului\/taxei pe cl\u0103diri este de 5%.<\/span><\/p>\n<p class=\"stilParagraf\"><span style=\"color: #cc3300;\">(9) \u00cen cazul \u00een care proprietarul cl\u0103dirii nu a actualizat valoarea impozabil\u0103 \u00een ultimii 5 ani anteriori anului de referin\u021b\u0103, diferen\u021ba de tax\u0103 fa\u021b\u0103 de cea stabilit\u0103 conform alin. (1) \u0219i (2), dup\u0103 caz, va fi datorat\u0103 de proprietarul cl\u0103dirii.<\/span><\/p>\n<p class=\"stilParagraf\">(10) Cota impozitului\/taxei pe cl\u0103diri prev\u0103zut\u0103 la alin. (1) \u0219i (2) se stabile\u0219te prin hot\u0103r\u00e2re a consiliului local. La nivelul municipiului Bucure\u0219ti, aceast\u0103 atribu\u021bie revine Consiliului General al Municipiului Bucure\u0219ti.<\/p>\n<p><strong><span style=\"color: #ff9900;\">PERSOANE FIZICE<\/span><\/strong><\/p>\n<p>Cladiri cu <span style=\"color: #ff9900;\">destinatie nerezidentiala:<\/span> &#8211; art. 458<\/p>\n<p class=\"stilParagraf\">(1) Pentru cl\u0103dirile nereziden\u021biale aflate \u00een proprietatea persoanelor fizice, impozitul pe cl\u0103diri se calculeaz\u0103 prin aplicarea unei cote cuprinse \u00eentre 0,2 &#8211; 1,3% asupra valorii care poate fi:<\/p>\n<p class=\"stilParagraf\"><span style=\"color: #ff9900;\">a) valoarea rezultat\u0103 dintr-un raport de evaluare \u00eentocmit de un evaluator autorizat \u00een ultimii 5 ani anteriori anului de referin\u021b\u0103, depus la organul fiscal local p\u00e2n\u0103 la primul termen de plat\u0103 din anul de referin\u021b\u0103. \u00cen situa\u021bia depunerii raportului de evaluare dup\u0103 primul termen de plat\u0103 din anul de referin\u021b\u0103, acesta produce efecte \u00eencep\u00e2nd cu data de 1 ianuarie a anului fiscal urm\u0103tor;<\/span><\/p>\n<p class=\"stilParagraf\">b) valoarea final\u0103 a lucr\u0103rilor de construc\u021bii, \u00een cazul cl\u0103dirilor noi, construite \u00een ultimii 5 ani anteriori anului de referin\u021b\u0103;<\/p>\n<p class=\"stilParagraf\">c) valoarea cl\u0103dirilor care rezult\u0103 din actul prin care se transfer\u0103 dreptul de proprietate, \u00een cazul cl\u0103dirilor dob\u00e2ndite \u00een ultimii 5 ani anteriori anului de referin\u021b\u0103. \u00cen situa\u021bia \u00een care nu este precizat\u0103 valoarea, se utilizeaz\u0103 ultima valoare \u00eenregistrat\u0103 \u00een baza de date a organului fiscal;<\/p>\n<p class=\"stilParagraf\">(2) Cota impozitului pe cl\u0103diri se stabile\u0219te prin hot\u0103r\u00e2re a consiliului local. La nivelul municipiului Bucure\u0219ti, aceast\u0103 atribu\u021bie revine Consiliului General al Municipiului Bucure\u0219ti.<\/p>\n<p class=\"stilParagraf\">(3) Pentru cl\u0103dirile nereziden\u021biale aflate \u00een proprietatea persoanelor fizice, utilizate pentru activit\u0103\u021bi din domeniul agricol, impozitul pe cl\u0103diri se calculeaz\u0103 prin aplicarea unei cote de 0,4% asupra valorii impozabile a cl\u0103dirii.<\/p>\n<p class=\"stilParagraf\">(4) \u00cen cazul \u00een care valoarea cl\u0103dirii nu poate fi calculat\u0103 conform prevederilor alin. (1), impozitul se calculeaz\u0103 prin aplicarea cotei de 2% asupra valorii impozabile determinate conform art. 457.<\/p>\n<p style=\"text-align: justify;\">Intotdeauna pentru ceilalti \ud83d\ude42 exista o lista cu scutiri de plata &#8211; art. 456!<\/p>\n<p>In Alba Iulia, prin HCL nr. 403\/2025, s-au stabilit urmatoarele cote:<\/p>\n<ul>\n<li style=\"list-style-type: none;\">\n<ul>\n<li style=\"padding-left: 30px;\"><span style=\"color: #ff9900;\">cladiri nerezidentiale apartinand persoanelor fizice &#8211; 0,75%;<\/span><\/li>\n<li style=\"padding-left: 30px;\"><span style=\"color: #cc3300;\">cladiri rezidentiale apartinand persoanelor juridice &#8211; 0,3%;<\/span><\/li>\n<li style=\"padding-left: 30px;\"><span style=\"color: #cc3300;\">cladiri nerezidentiale apartinand persoanelor juridice &#8211; cca 1,35%.<\/span><\/li>\n<\/ul>\n<\/li>\n<\/ul>\n<ul>\n<li style=\"list-style-type: none;\">\n<ul><\/ul>\n<\/li>\n<\/ul>\n<p><span style=\"text-decoration: underline;\">Consideratii <a target=\"_blank\" href=\"http:\/\/nou.anevar.ro\/sites\/default\/files\/page-files\/gev_500_si_anexe_1-3_-_1_iulie_2016.pdf\" rel=\"noopener noreferrer\">ANEVAR<\/a> privind valoarea:<\/span><\/p>\n<ul>\n<li style=\"list-style-type: none;\">\n<ul>\n<li style=\"text-align: justify;\">Valoarea impozabila <span style=\"text-decoration: underline;\">nu<\/span> reprezinta \u201evaloarea de piata\u201d sau \u201evaloarea justa\u201d;<\/li>\n<\/ul>\n<\/li>\n<\/ul>\n<ul>\n<li style=\"list-style-type: none;\">\n<ul>\n<li style=\"text-align: justify;\">Valoarea impozabila <span style=\"text-decoration: underline;\">nu<\/span> se inregistreaza in situatiile financiare ale contribuabililor;<\/li>\n<\/ul>\n<\/li>\n<\/ul>\n<ul>\n<li style=\"list-style-type: none;\">\n<ul>\n<li style=\"text-align: justify;\">Evaluarea in scopul stabilirii valorii impozabile a cladirii poate fi realizata numai de catre un <span style=\"text-decoration: underline;\">evaluator autorizat<\/span> avand ca specializare evaluarea proprietatii imobiliare (EPI) sau de catre un membru corporativ;<\/li>\n<\/ul>\n<\/li>\n<\/ul>\n<ul>\n<li style=\"text-align: justify;\">Verificarea evaluarii pentru impozitare poate fi realizata in conformitate cu prevederile SEV 400 <i>Verificarea evaluarii<\/i>, numai de catre un evaluator autorizat avand ca specializare verificarea evaluarii (VE), dovedita cu parafa de verificator cu specializarea EPI.<\/li>\n<\/ul>\n","protected":false},"excerpt":{"rendered":"<p>Potrivit prevederilor noului Cod Fiscal, art. 453 &#8211; 462, incepand cu anul 2016 cladirile nu se vor mai impozita in functie de forma de proprietate, respectiv persoana fizica sau juridica, ci in functie de destinatia acestora, respectiv\u00a0rezidentiala sau nerezidentiala. Pentru clarificarea termenilor sunt prezentate definitii in art. 453. PERSOANE JURIDICE \u2013 art. 460 (1) Pentru [&hellip;]<\/p>\n","protected":false},"author":2,"featured_media":0,"parent":0,"menu_order":0,"comment_status":"open","ping_status":"open","template":"","meta":{"footnotes":""},"_links":{"self":[{"href":"https:\/\/www.evaluator-alba.ro\/index.php?rest_route=\/wp\/v2\/pages\/15"}],"collection":[{"href":"https:\/\/www.evaluator-alba.ro\/index.php?rest_route=\/wp\/v2\/pages"}],"about":[{"href":"https:\/\/www.evaluator-alba.ro\/index.php?rest_route=\/wp\/v2\/types\/page"}],"author":[{"embeddable":true,"href":"https:\/\/www.evaluator-alba.ro\/index.php?rest_route=\/wp\/v2\/users\/2"}],"replies":[{"embeddable":true,"href":"https:\/\/www.evaluator-alba.ro\/index.php?rest_route=%2Fwp%2Fv2%2Fcomments&post=15"}],"version-history":[{"count":116,"href":"https:\/\/www.evaluator-alba.ro\/index.php?rest_route=\/wp\/v2\/pages\/15\/revisions"}],"predecessor-version":[{"id":797,"href":"https:\/\/www.evaluator-alba.ro\/index.php?rest_route=\/wp\/v2\/pages\/15\/revisions\/797"}],"wp:attachment":[{"href":"https:\/\/www.evaluator-alba.ro\/index.php?rest_route=%2Fwp%2Fv2%2Fmedia&parent=15"}],"curies":[{"name":"wp","href":"https:\/\/api.w.org\/{rel}","templated":true}]}}